ors of z?
11
Let o(i) be the first derivative of -i**2/2 + 4*i + 1. Let b be o(2). What are the prime factors of b + (0 - -1) - -6?
3
Let g(j) = -j**2 - 2*j. Let q be g(-3). Let v(w) = -6*w - 5. What are the prime factors of v(q)?
13
Let r(n) = 4*n**2 - 4*n + 2. Let x(f) = f - 1. Let g(v) = 5*v - 7. Let j(q) = g(q) - 4*x(q). Let b be j(5). What are the prime factors of r(b)?
2, 5
Let a(b) be the first derivative of b**3/3 - 3*b**2 + 3*b - 5. What are the prime factors of a(6)?
3
Let j = 86 + -40. List the prime factors of j.
2, 23
Suppose 2*g = -3*o + 22, 2*o - g = g + 8. What are the prime factors of o?
2, 3
Suppose -7*i + 3*i - 4 = 0. Suppose -2*x - 50 = -5*g, -4*g + 4*x + 66 = 26. List the prime factors of g + i + -1 + 3.
11
Let b = -27 - -43. What are the prime factors of b?
2
Let g be (4/(-6))/((-3)/9). Suppose -g*r = 2*y - 52, -r = r. What are the prime factors of y?
2, 13
Suppose s + 0*i + 3*i + 3 = 0, 2*i + 2 = -5*s. Suppose -r + 24 + 30 = s. What are the prime factors of r?
2, 3
Suppose 0 = -9*y - 0*y + 513. List the prime factors of y.
3, 19
Suppose 4*u - 79 = j + 8, -4*j + 135 = 5*u. List the prime factors of u.
23
Let t be (-453)/(-6) + (-3)/(-6). Suppose -7*b + 95 = -2*b + 5*w, 4*b = -5*w + t. List the prime factors of b.
19
List the prime factors of (52/(-65))/(2/(-55)).
2, 11
Let x be 3 + -3 + 3 + -3. Suppose -4*l = -x*l - 20. List the prime factors of l.
5
Let p(c) = -3*c + 6*c - 9*c + 1. List the prime factors of p(-4).
5
Let o be 1 - (2 + -64 + -2). Let z = o - 42. List the prime factors of z.
23
Suppose 4*a = -g + 5 + 75, -a = -4*g + 269. What are the prime factors of g?
2, 17
Let m = -1 + 3. Suppose m*t - 40 = -0*t. List the prime factors of t.
2, 5
Suppose 5*w + 2 = 17. Suppose -8 = -u - w. Suppose 34 = 5*s - 3*j, j + 44 = u*s + 3*j. List the prime factors of s.
2
Suppose 5*o + 9 = c, -4*c + 3*o = -50 - 3. List the prime factors of c.
2, 7
Let i(g) = 4*g**2 - 1. Suppose -5*b - 23 = 4*s, 2*b - 2 = 4*s - 0. Let h(o) = -o - 4. Let d be h(b). List the prime factors of i(d).
3
Suppose -56*i = -49*i - 518. List the prime factors of i.
2, 37
Let v be (3 + -1)*(-2)/(-1). Suppose -10 = -n - v*n. List the prime factors of n.
2
Let z = 1 - 83. List the prime factors of (-2)/(-7) + z/(-7).
2, 3
Suppose -5*r + 0*f + f + 12 = 0, -f = 5*r - 8. Suppose 7*v = r*v + 40. List the prime factors of v.
2
Let y(r) = -2*r**3 - 11*r**2 - 4*r - 22. List the prime factors of y(-8).
2, 3, 5, 11
Let q(x) = -x**2 - x - 2. Let b be q(7). Let z = b + 81. What are the prime factors of z?
23
Suppose 5*v + x - 23 = 5*x, -5*x = 10. Suppose v + 9 = 3*z. List the prime factors of z.
2
Let q(k) be the second derivative of -19*k**5/20 + k**4/12 - k**3/6 - k**2/2 + k. Suppose 9 - 6 = -3*o. List the prime factors of q(o).
2, 5
Let n(k) be the first derivative of -k**3/3 - 4*k**2 - 2*k - 8. List the prime factors of n(-6).
2, 5
Suppose -2*k - 118 = -4*t, 5*t - 158 = -k - 0. Suppose -r + 4*r = 2*p + 56, 2*p + 34 = 2*r. Let v = t - r. What are the prime factors of v?
3
What are the prime factors of ((-1484)/42)/(2/(-3))?
53
Suppose 0 = -3*d - 5*w + 13 - 2, 10 = 4*d + 2*w. What are the prime factors of 0 + (3 + 3)/d?
3
Let z(p) be the first derivative of -p**3/3 + 7*p**2/2 + 7*p + 1. Suppose -3*b + 15 = 3*c, 4*b + 10 = 2. What are the prime factors of z(c)?
7
Let w(f) = f**3 - 5*f**2 - 5*f - 4. Let q be w(6). Let r be (-1)/q - 22/(-4). Suppose r*i - p = 6, -4*p = -2*i - 0*p - 12. List the prime factors of i.
2
Suppose -o + 3 = q, 5*q - 3 = -o + 4. Suppose t = -o*t - 63. Let f = 3 - t. What are the prime factors of f?
2, 3
Suppose 135 = 5*t - 10. Let i be 0 + 1 + (6 - 24). Let m = t + i. List the prime factors of m.
2, 3
Let x = 24 - 113. Let w = -63 - x. List the prime factors of w.
2, 13
Let z(b) be the third derivative of -b**5/60 - b**4/2 + b**3 + 8*b**2. List the prime factors of z(-10).
2, 13
Let d = 48 - 28. Suppose -4*i = -4*p + d, -3*p + p + i + 10 = 0. Suppose 3*g - 24 = -q, -5*q + q = -p*g - 11. What are the prime factors of q?
3
Let t(f) = -16*f - 3. What are the prime factors of t(-3)?
3, 5
Let m(v) = -v**3 + 2*v**2 - v + 22. What are the prime factors of m(0)?
2, 11
Suppose z = -z. Let c = 14 - z. What are the prime factors of c?
2, 7
Suppose -4*w - 3*x - 9 = -3*w, 3*w + x = -27. Let s = w - -12. What are the prime factors of s?
3
Suppose -2*p + 540 = 3*p. What are the prime factors of p?
2, 3
Let l(i) = 5*i - 1. Let d be l(1). Suppose -d*c = -4*k + 11 + 29, -5*k + c = -38. Let o(a) = a + 3. List the prime factors of o(k).
2, 5
Let x(z) = -z**2 + 1. Let m = 8 - 13. Let k(t) = -4*t**2 + 4*t + 9. Let g(o) = m*x(o) + k(o). List the prime factors of g(-5).
3
Let z(h) = h + 2*h**3 - h**3 - 6*h**2 + 0*h + 5. Let p be 3/(-9)*1*-18. What are the prime factors of z(p)?
11
Let t(p) = 13*p - 40. List the prime factors of t(10).
2, 3, 5
Suppose 4*k = -2*s - s - 4, -4*s - 5*k = 4. Let u be (s - 5)/((-1)/5). Suppose u*c - c = 36. What are the prime factors of c?
3
Let a be -2 - -1 - 1 - -76. Suppose 0 = -5*j + 3*n + a - 206, 2*j - 2*n + 52 = 0. What are the prime factors of ((-2)/3)/(3/j)?
2, 3
Let g(o) = 5*o + 1. Let x(r) = -4*r - 1. Let p(d) = 3*g(d) + 4*x(d). What are the prime factors of p(-3)?
2
Let o be 15 - -1 - (2 - 6). Let u = o - -10. List the prime factors of u.
2, 3, 5
Let y be 48*(26/4 - 3). List the prime factors of (-2)/(-4) - y/(-16).
11
Let u = -2 - -99. What are the prime factors of u?
97
Suppose z + 4*a - 920 = -3*z, -z + 245 = -4*a. List the prime factors of z.
233
Let q = -1 - -3. Suppose -6*z - q*p = -2*z - 36, -2*z + 22 = 3*p. List the prime factors of z.
2
List the prime factors of 0 - -300 - (-28)/7.
2, 19
Let q(b) be the first derivative of b**3/3 - 3*b**2/2 - 3*b + 2. Let a(c) = -c**2. Let n(i) = -2*a(i) - q(i). What are the prime factors of n(-5)?
13
Let r(c) = -4*c + 3 - 2*c**2 + 7*c + c**2 + 0. Let j be r(3). What are the prime factors of (-1)/j + (-48)/(-9)?
5
Suppose -4*x - 100 + 2 = -2*d, -5*d + 2*x = -205. List the prime factors of d.
3, 13
Let i(o) = -o**3 + 11*o**2 + 11*o + 23. Let d be i(12). Let v(h) = -h**2 + 17*h - 20. What are the prime factors of v(d)?
2, 23
Let n = 3 + 2. Suppose -q + 2*t = t, 4*q + 3 = n*t. Suppose -q*m - 16 = -4*m. List the prime factors of m.
2
Let v(u) = 2*u - 9. Let h be v(6). Suppose 0 = -h*j + 15 - 3. What are the prime factors of j?
2
Let w = 87 + -20. Let g = 113 - w. List the prime factors of g.
2, 23
Let s(q) = -19*q**3 - 3*q**2 - q - 2. List the prime factors of s(-2).
2, 5, 7
Suppose 0 = 4*c - 79 + 27. What are the prime factors of c?
13
Let g(s) = 2*s - 2. Let f(v) = v**2 - v + 6. Suppose -q + 4*x = -8, 3*x + 5 + 1 = -5*q. Let l be f(q). What are the prime factors of g(l)?
2, 5
Let a be (154/(-55))/((-1)/25). Suppose -2 + a = 4*x. What are the prime factors of x?
17
Suppose 0 = 4*b - 6*b + 20. Let c be (8/b)/((-10)/(-25)). Suppose 2*w + 2*d = -0*d + 4, 4*d = -2*w - c. List the prime factors of w.
5
Suppose 15 - 71 = -4*n. Suppose -c = -2*c + n. Suppose -2*g + c = -20. What are the prime factors of g?
17
Let c(w) = 38*w**2 + w - 2. What are the prime factors of c(1)?
37
Let o = 167 + -85. What are the prime factors of o?
2, 41
Let p = 10 + -7. Let r be (-2)/4*(-5 + p). What are the prime factors of 4 - (4 - 2/r)?
2
Let v(z) = z**2 - 11*z + 13. Let r be v(13). Suppose g + r = 4*g. List the prime factors of g.
13
Suppose 5*a - 3*w = -2, 0 = 2*a - 4*w - 1 + 13. What are the prime factors of (-17)/((-1)/(3 - a))?
17
Let m(v) = 5*v + 4. Let r be m(-4). Let u be 10*(-7)/(35/r). Let i = -15 + u. List the prime factors of i.
17
Let a = 10 - 16. Let x be ((-15)/a)/(-5)*0. Suppose x = -3*n - n + 72. What are the prime factors of n?
2, 3
Suppose -4*g + 7*v - 2*v = 9, -4*g = v - 21. Let l = g + 14. List the prime factors of l.
2, 3
Suppose 6 + 0 = 2*b. List the prime factors of b*(-3 + 0 + 6).
3
Suppose 0 = -w + 52 - 5. What are the prime factors of w?
47
Suppose 0 = -i + d + 2*d + 8, 24 = 3*i - d. Suppose i*m - 150 = 3*m. What are the prime factors of m?
2, 3, 5
Suppose -3*o + 7*o - 100 = 0. List the prime factors of o.
5
Let i(p) = -p**3 + 4*p**2 - 4*p + 1. Let u be i(3). Let c be -2 - (2 + (u - 10)). Let y = 0 + c. List the prime factors of y.
2
Suppose 0 = 7*x - 4*x - 6. List the prime factors of x.
